 8 - 18 = 0. Suppose 0 = 5*q, 5 - 14 = -u - h*q. Calculate the greatest common factor of 72 and u.
9
Let t be 18/(-4)*8/12 + 54. Let h = 76 - t. What is the highest common factor of h and 100?
25
Let l(s) = -2 - 4 - 12*s + 0 + 8. Let w be l(-2). What is the highest common factor of w and 286?
26
Let k(y) = y**2 + 17*y - 41. Let f be k(-19). Let c be 41 + (-2)/(-6)*f. What is the greatest common factor of c and 15?
5
Let t(z) = -z**2 + 21. Let y be t(0). Let i = -308 + 329. Calculate the highest common divisor of y and i.
21
Let q = 635 - 587. What is the greatest common divisor of 88 and q?
8
Let j = -909 + 914. What is the greatest common factor of j and 135?
5
Suppose -4*y = -q + 62, 0 = -q + 65*y - 66*y + 37. Calculate the greatest common factor of 35 and q.
7
Let j = 224 - 222. Calculate the highest common divisor of 1 and j.
1
Suppose 3*g - 10 = 23. Calculate the highest common divisor of 88 and g.
11
Let l(j) = -j**3 + 28*j**2 - 40*j - 34. Let h be l(25). Calculate the greatest common factor of 29 and h.
29
Let m(n) = 168*n + 21. Let v be m(3). What is the highest common factor of v and 45?
15
Let b be -1*3 + (-1 - -88)/3. Calculate the highest common divisor of b and 169.
13
Let t be 18/45 + (174/15 - -5). Calculate the greatest common divisor of 85 and t.
17
Let r = -115 - -570. Calculate the greatest common factor of 65 and r.
65
Suppose -44*o + 10075 = -13*o. What is the highest common factor of o and 520?
65
Suppose 5*c = 5*t + 178 + 17, 0 = 3*c + 2*t - 112. What is the greatest common factor of c and 1102?
38
Suppose -56 = -14*w - 0. Suppose 0 = k - w - 36. What is the highest common factor of k and 8?
8
Suppose 12 + 44 = 2*w. Calculate the highest common divisor of w and 4.
4
Suppose 2*u - 87 - 363 = 0. Suppose -3*b + u = 6*b. Calculate the greatest common factor of b and 100.
25
Let f be ((-6)/15)/((-2)/(-10)). Let z be (-142)/(f + 1) + 1. Suppose -4*c = 3*h - 40, 19 + 41 = 4*c - 2*h. Calculate the highest common factor of z and c.
13
Suppose 3*f + 54 = 3*k, -3*f = 2*k + 11 - 47. Let i(l) = -l**2 + 21*l + 6. Let y be i(k). Calculate the greatest common divisor of y and 90.
30
Let q(j) = j**2 - 6*j - 9. Let k be q(8). Let u be (-336)/504 + 5*110/6. What is the greatest common factor of u and k?
7
Let v(h) = -9*h**3 - 48*h**2 - 4*h - 2. Let t be v(-6). Calculate the greatest common divisor of 306 and t.
34
Let q(n) = 26*n**2 + 2*n**3 - 2*n**2 - 24*n + 44 - n**3. Let o be q(-25). Calculate the greatest common factor of 209 and o.
19
Let t = 29 - 14. Suppose -r + t = 4*r. Let m(x) = -x**3 + 6*x**2 + 4*x - 18. Let i be m(6). Calculate the highest common factor of i and r.
3
Suppose 0 = 2*w + d - 278 - 145, -5*w + 2*d = -1035. Calculate the greatest common divisor of w and 95.
19
Suppose 2*k - 3*x - 4 = 0, 4*k + 3*x - 21 = 23. Calculate the highest common factor of k and 6.
2
Suppose -2*r - 1 = -7, 2*j + 5*r = 39. Calculate the highest common divisor of 81 and j.
3
Suppose 31*s = -20*s + 663. Let u = -96 + 213. What is the highest common factor of s and u?
13
Suppose -d + 128 = -5*m, -178*d + 183*d = 2*m + 640. Calculate the greatest common factor of 80 and d.
16
Let w(n) = 16*n - 124. Let f be w(14). What is the highest common factor of 280 and f?
20
Let v be (-1)/(30/(-9) - -3). Suppose 461 = v*u + u + 3*t, 0 = t + 1. Calculate the highest common factor of u and 29.
29
Let a = 2383 + -1031. What is the greatest common factor of a and 507?
169
Suppose 2*b - 3*s + 6 = 0, b + 1 = s - 4. Let d be -4 - 3/b*-9. Let h(r) = r**2 + 4*r - 6. Let i be h(d). Calculate the greatest common divisor of 5 and i.
5
Let y = -97 - -220. Calculate the highest common divisor of y and 27.
3
Let x be (-2)/(1 - (-15)/(-9)). Suppose 0 = -3*z - x + 9. Suppose -o - o + 16 = z*n, -48 = -5*o - 3*n. What is the highest common divisor of o and 108?
12
Suppose 6 + 6 = 2*k. Let j = k + -5. Let a = 10 + -5. What is the greatest common divisor of j and a?
1
Suppose 3*a + 4*n - 2 = 1, -2*a - 5*n = 5. Suppose v - 152 = -l - 0*l, a*v - 762 = -4*l. Calculate the greatest common factor of 14 and v.
14
Let m = 5 + 19. Let d be ((-1512)/15)/((-3)/15). Suppose w + 2*w - d = 0. Calculate the greatest common factor of m and w.
24
Let u = 61 - 54. Suppose 648 = u*r + 2*r. Calculate the highest common factor of r and 108.
36
Let f(g) = 2*g - 36. Let x be f(17). Let l be 4 - (-73)/2 - 1/x. Calculate the highest common divisor of 123 and l.
41
Suppose -5*m + 568 = -132. Let h be (-2)/(-3) + (-29)/3. Let s be (-12)/(-9) - 168/h. Calculate the highest common factor of s and m.
20
Let u(p) = 23*p + 1. Let i be u(1). Let j = 425 - 91. Suppose j = 3*h - m - 96, 5*m - 154 = -h. What is the highest common divisor of i and h?
24
Let p be (-8)/(118/(-220) - 24/(-48)). What is the highest common factor of p and 80?
20
Let l = 51 - -15. Let g(v) = v**3 - 16*v**2 + 15*v + 6. Let p be g(15). Calculate the greatest common factor of p and l.
6
Let l(x) = -271*x - 2427. Let t be l(-9). Suppose 4*q + 0*o - 104 = -4*o, -q + 5*o + 50 = 0. What is the greatest common divisor of t and q?
6
Let q be (-14)/(-21) + (-47)/3. Let f = 28 + q. Let r be -2 + 2 + (-143)/(-44)*8. Calculate the greatest common divisor of r and f.
13
Let w be 572/4862 - (1 - 2871/17). Suppose 0*j + j = 24. Calculate the highest common factor of j and w.
24
Let t be 11/((-33)/(-18)) - 0. Let z(s) be the second derivative of -s**5/20 + s**3/3 + s**2 - s. Let l be z(-2). What is the highest common factor of t and l?
6
Let u(r) = r**3 + 6*r**2 + r + 3. Let x be u(-6). Let p be (-2)/x*15*2. What is the highest common factor of p and 8?
4
Let b(k) = 12*k**3 - 5*k**2 + 7*k - 6. Let f be b(2). What is the highest common factor of f and 12?
12
Let n(v) = 4*v + 16. Let h be n(-3). Let k = -1 + h. What is the highest common factor of k and 9?
3
Let u be (-147)/(-7) + 3/1. Let p be (-1 - 0)/((-1)/u). What is the greatest common factor of 3 and p?
3
Let q be (-2)/(-31) - (-2460)/310. Calculate the highest common factor of 64 and q.
8
Let q(x) = x**2 - 3*x - 4. Let k be q(4). Suppose 0*r - 2*r + 36 = k. Let y be 4 - 2 - 7*-1. What is the greatest common factor of r and y?
9
Suppose y - p + 32 = 0, -4*y + p - 162 + 28 = 0. Let j = 88 + y. Calculate the greatest common divisor of 18 and j.
18
Suppose -2*v + 2109 = -3*o, -5*v - 63*o = -58*o - 5260. What is the greatest common factor of v and 162?
81
Let w be (-5 - 1)/(3 - (-16)/(-5)). Calculate the greatest common factor of w and 1140.
30
Let f be (-7)/((-98)/(-516))*-49. Suppose -11*s = 475 - f. Calculate the greatest common factor of s and 11.
11
Suppose -4*x = 2*p - 16, -x - 3*p = 2*p - 22. Suppose x*d - 6 + 0 = 0. Let q = -6 + 8. What is the highest common divisor of q and d?
1
Suppose 3*l - 68 = 31. Let t be 7/2*(-72)/(-42). Suppose 0 = -47*o + 49*o - t. Calculate the greatest common factor of l and o.
3
Let f be ((-221)/(-26))/(9/18). What is the highest common factor of f and 68?
17
Let i(v) = -9*v + 1. Let z be i(-3). Suppose c = 5*c - z. What is the greatest common divisor of 42 and c?
7
Let i = -15 - -12. Let z(q) = 3*q**2 + 3*q - 3. Let p be z(i). Let l = p - 11. Calculate the greatest common divisor of l and 20.
4
Let t(b) = 5*b + 5. Let d be t(3). What is the greatest common factor of d and 145?
5
Let y = 139 - -876. What is the greatest common divisor of y and 29?
29
Let y(n) = -2*n**2 - 3*n - 1. Let k be y(-2). Let q(x) = -4*x + 2. Let o be q(-4). Let g = o + k. What is the highest common divisor of g and 6?
3
Let q = 2648 - 2384. Calculate the greatest common factor of q and 360.
24
Let m = 68 + -47. Let d(v) = 7*v. Let s be d(3). Calculate the greatest common factor of m and s.
21
Let m(r) be the second derivative of -3*r**3/2 - 4*r**2 + 3*r. Let d be m(-4). Calculate the highest common divisor of d and 308.
28
Let b be (1 + 1)*(63/(-6) + 16). Calculate the greatest common factor of b and 143.
11
Suppose 2*l - 5*x = 281, -4*l + 547 = -22*x + 27*x. Calculate the greatest common factor of 92 and l.
46
Let u(i) = -i**2 + 10*i + 26. Let z be u(12). Suppose y = -3*v - 4*y + 80, -z*v = -4*y - 46. What is the highest common divisor of v and 225?
25
Let u be (-105)/(-18) + (-1)/(-6). Suppose 0 = 7*s - 12*s + 25. Suppose -23 = -2*y - s. What is the greatest common factor of y and u?
3
